{"id":1628,"date":"2025-03-25T12:06:49","date_gmt":"2025-03-25T10:06:49","guid":{"rendered":"https:\/\/fleuriste-livry-gargan.fr\/?post_type=product&#038;p=1628"},"modified":"2025-03-26T12:13:08","modified_gmt":"2025-03-26T10:13:08","slug":"croix-deuil-rouge-et-blanc","status":"publish","type":"product","link":"https:\/\/fleuriste-livry-gargan.fr\/?product=croix-deuil-rouge-et-blanc","title":{"rendered":"Croix Deuil Rouge et blanc"},"content":{"rendered":"<p>Trois tailles vous sont propos\u00e9es =<\/p>\n<p>S = 80 cm \u00a0 \u00a0 \u00a0 \u00a0 \u00a0 \u00a0 \u00a0 M = 105 cm \u00a0 \u00a0 \u00a0 \u00a0 \u00a0 \u00a0 \u00a0L = 130 cm.<\/p>\n<p>Une croix de deuil est un symbole puissant de foi et de respect. Elle repr\u00e9sente l\u2019espoir, la r\u00e9demption et la m\u00e9moire \u00e9ternelle. Choisir une croix, c\u2019est rendre hommage de mani\u00e8re solennelle \u00e0 l\u2019\u00eatre cher, tout en apportant du r\u00e9confort aux proches dans cette \u00e9preuve. Ce geste montre une grande dignit\u00e9 et permet d\u2019honorer la m\u00e9moire du d\u00e9funt avec une profonde signification spirituelle.<\/p>\n<p>Rappel \uff1a tout nos bouquets et compositions sont fait avec des fleurs de saison , les photos ne sont donc pas toujours contractuelle.<\/p>\n","protected":false},"excerpt":{"rendered":"<p>Trois tailles vous sont propos\u00e9es = S = 80 cm \u00a0 \u00a0 \u00a0 \u00a0 \u00a0 \u00a0 \u00a0 M = 105 cm \u00a0 \u00a0 \u00a0 \u00a0 \u00a0 \u00a0 \u00a0L = 130 cm. Une croix de deuil est un symbole puissant de foi et de respect. Elle repr\u00e9sente l\u2019espoir, la r\u00e9demption et la m\u00e9moire \u00e9ternelle. Choisir une [&hellip;]<\/p>\n","protected":false},"featured_media":1641,"template":"","meta":[],"product_brand":[],"product_cat":[28],"product_tag":[],"class_list":{"0":"post-1628","1":"product","2":"type-product","3":"status-publish","4":"has-post-thumbnail","6":"product_cat-deuil","8":"first","9":"instock","10":"taxable","11":"shipping-taxable","12":"purchasable","13":"product-type-variable"},"yoast_head":"<!-- This site is optimized with the Yoast SEO plugin v27.2 - https:\/\/yoast.com\/product\/yoast-seo-wordpress\/ -->\n<title>Croix Deuil Rouge et blanc - Fleurs de mai 8<\/title>\n<meta name=\"robots\" content=\"index, follow, max-snippet:-1, max-image-preview:large, max-video-preview:-1\" \/>\n<link rel=\"canonical\" href=\"https:\/\/fleuriste-livry-gargan.fr\/?product=croix-deuil-rouge-et-blanc\" \/>\n<meta property=\"og:locale\" content=\"fr_FR\" \/>\n<meta property=\"og:type\" content=\"article\" \/>\n<meta property=\"og:title\" content=\"Croix Deuil Rouge et blanc - Fleurs de mai 8\" \/>\n<meta property=\"og:description\" content=\"Trois tailles vous sont propos\u00e9es = S = 80 cm \u00a0 \u00a0 \u00a0 \u00a0 \u00a0 \u00a0 \u00a0 M = 105 cm \u00a0 \u00a0 \u00a0 \u00a0 \u00a0 \u00a0 \u00a0L = 130 cm. Une croix de deuil est un symbole puissant de foi et de respect. Elle repr\u00e9sente l\u2019espoir, la r\u00e9demption et la m\u00e9moire \u00e9ternelle. Choisir une [&hellip;]\" \/>\n<meta property=\"og:url\" content=\"https:\/\/fleuriste-livry-gargan.fr\/?product=croix-deuil-rouge-et-blanc\" \/>\n<meta property=\"og:site_name\" content=\"Fleurs de mai 8\" \/>\n<meta property=\"article:modified_time\" content=\"2025-03-26T10:13:08+00:00\" \/>\n<meta property=\"og:image\" content=\"https:\/\/fleuriste-livry-gargan.fr\/wp-content\/uploads\/2025\/03\/76389861010__AE187A03-80CE-4039-896E-1AF2E3D2DAFE-scaled.jpeg\" \/>\n\t<meta property=\"og:image:width\" content=\"2357\" \/>\n\t<meta property=\"og:image:height\" content=\"2560\" \/>\n\t<meta property=\"og:image:type\" content=\"image\/jpeg\" \/>\n<meta name=\"twitter:card\" content=\"summary_large_image\" \/>\n<meta name=\"twitter:label1\" content=\"Dur\u00e9e de lecture estim\u00e9e\" \/>\n\t<meta name=\"twitter:data1\" content=\"1 minute\" \/>\n<script type=\"application\/ld+json\" class=\"yoast-schema-graph\">{\"@context\":\"https:\/\/schema.org\",\"@graph\":[{\"@type\":\"WebPage\",\"@id\":\"https:\/\/fleuriste-livry-gargan.fr\/?product=croix-deuil-rouge-et-blanc\",\"url\":\"https:\/\/fleuriste-livry-gargan.fr\/?product=croix-deuil-rouge-et-blanc\",\"name\":\"Croix Deuil Rouge et blanc - Fleurs de mai 8\",\"isPartOf\":{\"@id\":\"https:\/\/fleuriste-livry-gargan.fr\/#website\"},\"primaryImageOfPage\":{\"@id\":\"https:\/\/fleuriste-livry-gargan.fr\/?product=croix-deuil-rouge-et-blanc#primaryimage\"},\"image\":{\"@id\":\"https:\/\/fleuriste-livry-gargan.fr\/?product=croix-deuil-rouge-et-blanc#primaryimage\"},\"thumbnailUrl\":\"https:\/\/fleuriste-livry-gargan.fr\/wp-content\/uploads\/2025\/03\/76389861010__AE187A03-80CE-4039-896E-1AF2E3D2DAFE-scaled.jpeg\",\"datePublished\":\"2025-03-25T10:06:49+00:00\",\"dateModified\":\"2025-03-26T10:13:08+00:00\",\"breadcrumb\":{\"@id\":\"https:\/\/fleuriste-livry-gargan.fr\/?product=croix-deuil-rouge-et-blanc#breadcrumb\"},\"inLanguage\":\"fr-FR\",\"potentialAction\":[{\"@type\":\"ReadAction\",\"target\":[\"https:\/\/fleuriste-livry-gargan.fr\/?product=croix-deuil-rouge-et-blanc\"]}]},{\"@type\":\"ImageObject\",\"inLanguage\":\"fr-FR\",\"@id\":\"https:\/\/fleuriste-livry-gargan.fr\/?product=croix-deuil-rouge-et-blanc#primaryimage\",\"url\":\"https:\/\/fleuriste-livry-gargan.fr\/wp-content\/uploads\/2025\/03\/76389861010__AE187A03-80CE-4039-896E-1AF2E3D2DAFE-scaled.jpeg\",\"contentUrl\":\"https:\/\/fleuriste-livry-gargan.fr\/wp-content\/uploads\/2025\/03\/76389861010__AE187A03-80CE-4039-896E-1AF2E3D2DAFE-scaled.jpeg\",\"width\":2357,\"height\":2560},{\"@type\":\"BreadcrumbList\",\"@id\":\"https:\/\/fleuriste-livry-gargan.fr\/?product=croix-deuil-rouge-et-blanc#breadcrumb\",\"itemListElement\":[{\"@type\":\"ListItem\",\"position\":1,\"name\":\"Accueil\",\"item\":\"https:\/\/fleuriste-livry-gargan.fr\/\"},{\"@type\":\"ListItem\",\"position\":2,\"name\":\"Boutique\",\"item\":\"https:\/\/fleuriste-livry-gargan.fr\/?page_id=8\"},{\"@type\":\"ListItem\",\"position\":3,\"name\":\"Croix Deuil Rouge et blanc\"}]},{\"@type\":\"WebSite\",\"@id\":\"https:\/\/fleuriste-livry-gargan.fr\/#website\",\"url\":\"https:\/\/fleuriste-livry-gargan.fr\/\",\"name\":\"Fleurs de mai 8\",\"description\":\"\",\"potentialAction\":[{\"@type\":\"SearchAction\",\"target\":{\"@type\":\"EntryPoint\",\"urlTemplate\":\"https:\/\/fleuriste-livry-gargan.fr\/?s={search_term_string}\"},\"query-input\":{\"@type\":\"PropertyValueSpecification\",\"valueRequired\":true,\"valueName\":\"search_term_string\"}}],\"inLanguage\":\"fr-FR\"}]}<\/script>\n<!-- \/ Yoast SEO plugin. -->","yoast_head_json":{"title":"Croix Deuil Rouge et blanc - Fleurs de mai 8","robots":{"index":"index","follow":"follow","max-snippet":"max-snippet:-1","max-image-preview":"max-image-preview:large","max-video-preview":"max-video-preview:-1"},"canonical":"https:\/\/fleuriste-livry-gargan.fr\/?product=croix-deuil-rouge-et-blanc","og_locale":"fr_FR","og_type":"article","og_title":"Croix Deuil Rouge et blanc - Fleurs de mai 8","og_description":"Trois tailles vous sont propos\u00e9es = S = 80 cm \u00a0 \u00a0 \u00a0 \u00a0 \u00a0 \u00a0 \u00a0 M = 105 cm \u00a0 \u00a0 \u00a0 \u00a0 \u00a0 \u00a0 \u00a0L = 130 cm. Une croix de deuil est un symbole puissant de foi et de respect. Elle repr\u00e9sente l\u2019espoir, la r\u00e9demption et la m\u00e9moire \u00e9ternelle. Choisir une [&hellip;]","og_url":"https:\/\/fleuriste-livry-gargan.fr\/?product=croix-deuil-rouge-et-blanc","og_site_name":"Fleurs de mai 8","article_modified_time":"2025-03-26T10:13:08+00:00","og_image":[{"width":2357,"height":2560,"url":"https:\/\/fleuriste-livry-gargan.fr\/wp-content\/uploads\/2025\/03\/76389861010__AE187A03-80CE-4039-896E-1AF2E3D2DAFE-scaled.jpeg","type":"image\/jpeg"}],"twitter_card":"summary_large_image","twitter_misc":{"Dur\u00e9e de lecture estim\u00e9e":"1 minute"},"schema":{"@context":"https:\/\/schema.org","@graph":[{"@type":"WebPage","@id":"https:\/\/fleuriste-livry-gargan.fr\/?product=croix-deuil-rouge-et-blanc","url":"https:\/\/fleuriste-livry-gargan.fr\/?product=croix-deuil-rouge-et-blanc","name":"Croix Deuil Rouge et blanc - Fleurs de mai 8","isPartOf":{"@id":"https:\/\/fleuriste-livry-gargan.fr\/#website"},"primaryImageOfPage":{"@id":"https:\/\/fleuriste-livry-gargan.fr\/?product=croix-deuil-rouge-et-blanc#primaryimage"},"image":{"@id":"https:\/\/fleuriste-livry-gargan.fr\/?product=croix-deuil-rouge-et-blanc#primaryimage"},"thumbnailUrl":"https:\/\/fleuriste-livry-gargan.fr\/wp-content\/uploads\/2025\/03\/76389861010__AE187A03-80CE-4039-896E-1AF2E3D2DAFE-scaled.jpeg","datePublished":"2025-03-25T10:06:49+00:00","dateModified":"2025-03-26T10:13:08+00:00","breadcrumb":{"@id":"https:\/\/fleuriste-livry-gargan.fr\/?product=croix-deuil-rouge-et-blanc#breadcrumb"},"inLanguage":"fr-FR","potentialAction":[{"@type":"ReadAction","target":["https:\/\/fleuriste-livry-gargan.fr\/?product=croix-deuil-rouge-et-blanc"]}]},{"@type":"ImageObject","inLanguage":"fr-FR","@id":"https:\/\/fleuriste-livry-gargan.fr\/?product=croix-deuil-rouge-et-blanc#primaryimage","url":"https:\/\/fleuriste-livry-gargan.fr\/wp-content\/uploads\/2025\/03\/76389861010__AE187A03-80CE-4039-896E-1AF2E3D2DAFE-scaled.jpeg","contentUrl":"https:\/\/fleuriste-livry-gargan.fr\/wp-content\/uploads\/2025\/03\/76389861010__AE187A03-80CE-4039-896E-1AF2E3D2DAFE-scaled.jpeg","width":2357,"height":2560},{"@type":"BreadcrumbList","@id":"https:\/\/fleuriste-livry-gargan.fr\/?product=croix-deuil-rouge-et-blanc#breadcrumb","itemListElement":[{"@type":"ListItem","position":1,"name":"Accueil","item":"https:\/\/fleuriste-livry-gargan.fr\/"},{"@type":"ListItem","position":2,"name":"Boutique","item":"https:\/\/fleuriste-livry-gargan.fr\/?page_id=8"},{"@type":"ListItem","position":3,"name":"Croix Deuil Rouge et blanc"}]},{"@type":"WebSite","@id":"https:\/\/fleuriste-livry-gargan.fr\/#website","url":"https:\/\/fleuriste-livry-gargan.fr\/","name":"Fleurs de mai 8","description":"","potentialAction":[{"@type":"SearchAction","target":{"@type":"EntryPoint","urlTemplate":"https:\/\/fleuriste-livry-gargan.fr\/?s={search_term_string}"},"query-input":{"@type":"PropertyValueSpecification","valueRequired":true,"valueName":"search_term_string"}}],"inLanguage":"fr-FR"}]}},"jetpack_sharing_enabled":true,"_links":{"self":[{"href":"https:\/\/fleuriste-livry-gargan.fr\/index.php?rest_route=\/wp\/v2\/product\/1628","targetHints":{"allow":["GET"]}}],"collection":[{"href":"https:\/\/fleuriste-livry-gargan.fr\/index.php?rest_route=\/wp\/v2\/product"}],"about":[{"href":"https:\/\/fleuriste-livry-gargan.fr\/index.php?rest_route=\/wp\/v2\/types\/product"}],"wp:featuredmedia":[{"embeddable":true,"href":"https:\/\/fleuriste-livry-gargan.fr\/index.php?rest_route=\/wp\/v2\/media\/1641"}],"wp:attachment":[{"href":"https:\/\/fleuriste-livry-gargan.fr\/index.php?rest_route=%2Fwp%2Fv2%2Fmedia&parent=1628"}],"wp:term":[{"taxonomy":"product_brand","embeddable":true,"href":"https:\/\/fleuriste-livry-gargan.fr\/index.php?rest_route=%2Fwp%2Fv2%2Fproduct_brand&post=1628"},{"taxonomy":"product_cat","embeddable":true,"href":"https:\/\/fleuriste-livry-gargan.fr\/index.php?rest_route=%2Fwp%2Fv2%2Fproduct_cat&post=1628"},{"taxonomy":"product_tag","embeddable":true,"href":"https:\/\/fleuriste-livry-gargan.fr\/index.php?rest_route=%2Fwp%2Fv2%2Fproduct_tag&post=1628"}],"curies":[{"name":"wp","href":"https:\/\/api.w.org\/{rel}","templated":true}]}}